{"id":9192,"date":"2016-01-08T08:58:07","date_gmt":"2016-01-08T07:58:07","guid":{"rendered":"https:\/\/www.blauburgunder.it\/privacy\/"},"modified":"2025-11-30T02:21:24","modified_gmt":"2025-11-30T01:21:24","slug":"privacy","status":"publish","type":"page","link":"https:\/\/www.blauburgunder.it\/it\/privacy\/","title":{"rendered":"Privacy"},"content":{"rendered":"<p>Questa dichiarazione sulla protezione dei dati \u00e8 rivolta agli utenti del sito blauburgunder.it, ai sensi dell\u2019art. 13 del D.lgs. n. 196\/2003 (\u201cCodice della Privacy\u201d) e della Raccomandazione 2\/2001 del 17 maggio 2001 relativa al Gruppo Art. 29.<\/p>\n<p>Titolare del trattamento:<br \/>\nVerein Blauburgundertage di G\u00fcnther Haas<br \/>\nVia Villa 5, 39044 Egna<br \/>\nE-Mail: info@blauburgunder.it<\/p>\n<p>Sede del trattamento dati:<br \/>\nStessi contatti del titolare<br \/>\nAssistenza: Monaco<\/p>\n<p>Tipologia dei dati raccolti<\/p>\n<ol>\n<li>Dati di navigazione:\n<ul>\n<li>IP, nome dominio del provider, data\/ora di visita, durata della permanenza, informazioni sul sistema operativo.<\/li>\n<li>I dati possono essere utilizzati anonimizzati per statistiche o, se necessario, per perseguire reati.<\/li>\n<\/ul>\n<\/li>\n<li>Cookie:\n<ul>\n<li>Utilizzati per personalizzare la navigazione e memorizzare le preferenze degli utenti.<\/li>\n<\/ul>\n<\/li>\n<li>Dati forniti volontariamente dall\u2019utente:\n<ul>\n<li>Utilizzati esclusivamente per fornire i servizi richiesti o adempiere obblighi contrattuali e di legge.<\/li>\n<li>Non saranno divulgati a terzi se non necessario per l\u2019esecuzione dei servizi.<\/li>\n<\/ul>\n<\/li>\n<\/ol>\n<p>Finalit\u00e0 del trattamento<\/p>\n<ul>\n<li>Adempimento obblighi di legge, regolamenti o norme civili\/fiscali.<\/li>\n<li>Esecuzione di contratti con l\u2019utente.<\/li>\n<li>Raccolta dati volontari per i servizi del sito.<\/li>\n<\/ul>\n<p>Destinatari dei dati:<\/p>\n<ul>\n<li>Associazione Blauburgundertage e fornitori di servizi esterni per gestione sito.<\/li>\n<li>Enti pubblici se richiesto dalla legge.<\/li>\n<li>Professionisti o societ\u00e0 (consulenti, tribunali, universit\u00e0, partner) se necessario per le finalit\u00e0 sopra indicate.<\/li>\n<\/ul>\n<p>Modalit\u00e0 di trattamento<\/p>\n<ul>\n<li>Con o senza strumenti elettronici, sempre rispettando le misure di sicurezza a tutela della riservatezza.<\/li>\n<\/ul>\n<p>Diritti dell\u2019interessato (art. 7 D.lgs. 196\/2003)<\/p>\n<p>L\u2019interessato ha diritto di:<\/p>\n<ol>\n<li>Ottenere conferma dell\u2019esistenza dei dati personali e la loro comunicazione in forma intelligibile.<\/li>\n<li>Conoscere origine, finalit\u00e0, modalit\u00e0 di trattamento e logica in caso di strumenti elettronici.<\/li>\n<li>Conoscere i soggetti cui i dati possono essere comunicati.<\/li>\n<li>Aggiornare, rettificare, integrare i dati.<\/li>\n<li>Richiedere cancellazione, anonimizzazione o blocco dei dati trattati in violazione di legge.<\/li>\n<li>Opporsi, per motivi legittimi, al trattamento dei dati personali o all\u2019invio di materiale pubblicitario, ricerche di mercato o comunicazioni commerciali.<\/li>\n<\/ol>\n<p>Esercizio dei diritti:<br \/>\nLe richieste possono essere inviate senza formalit\u00e0 al titolare o al responsabile, anche tramite incaricato.<\/p>\n","protected":false},"excerpt":{"rendered":"<p>Questa dichiarazione sulla protezione dei dati \u00e8 rivolta agli utenti del sito blauburgunder.it, ai sensi dell\u2019art. 13 del D.lgs. n. 196\/2003 (\u201cCodice della Privacy\u201d) e della Raccomandazione 2\/2001 del 17 maggio 2001 relativa al Gruppo Art. 29. Titolare del trattamento: Verein Blauburgundertage di G\u00fcnther Haas Via Villa 5, 39044 Egna E-Mail: info@blauburgunder.it Sede del trattamento [&hellip;]<\/p>\n","protected":false},"author":1,"featured_media":0,"parent":0,"menu_order":100,"comment_status":"closed","ping_status":"closed","template":"template-dsgvo.php","meta":{"_acf_changed":false,"footnotes":""},"class_list":["post-9192","page","type-page","status-publish","hentry"],"acf":[],"yoast_head":"<!-- This site is optimized with the Yoast SEO plugin v27.0 - https:\/\/yoast.com\/product\/yoast-seo-wordpress\/ -->\n<title>Privacy - Giornate del Pinot Nero - Trentino Alto Adige<\/title>\n<meta name=\"robots\" content=\"index, follow, max-snippet:-1, max-image-preview:large, max-video-preview:-1\" \/>\n<link rel=\"canonical\" href=\"https:\/\/www.blauburgunder.it\/it\/privacy\/\" \/>\n<meta property=\"og:locale\" content=\"it_IT\" \/>\n<meta property=\"og:type\" content=\"article\" \/>\n<meta property=\"og:title\" content=\"Privacy - Giornate del Pinot Nero - Trentino Alto Adige\" \/>\n<meta property=\"og:description\" content=\"Questa dichiarazione sulla protezione dei dati \u00e8 rivolta agli utenti del sito blauburgunder.it, ai sensi dell\u2019art. 13 del D.lgs. n. 196\/2003 (\u201cCodice della Privacy\u201d) e della Raccomandazione 2\/2001 del 17 maggio 2001 relativa al Gruppo Art. 29. Titolare del trattamento: Verein Blauburgundertage di G\u00fcnther Haas Via Villa 5, 39044 Egna E-Mail: info@blauburgunder.it Sede del trattamento [&hellip;]\" \/>\n<meta property=\"og:url\" content=\"https:\/\/www.blauburgunder.it\/it\/privacy\/\" \/>\n<meta property=\"og:site_name\" content=\"Giornate del Pinot Nero - Trentino Alto Adige\" \/>\n<meta property=\"article:modified_time\" content=\"2025-11-30T01:21:24+00:00\" \/>\n<script type=\"application\/ld+json\" class=\"yoast-schema-graph\">{\"@context\":\"https:\/\/schema.org\",\"@graph\":[{\"@type\":\"WebPage\",\"@id\":\"https:\/\/www.blauburgunder.it\/it\/privacy\/\",\"url\":\"https:\/\/www.blauburgunder.it\/it\/privacy\/\",\"name\":\"Privacy - Giornate del Pinot Nero - Trentino Alto Adige\",\"isPartOf\":{\"@id\":\"https:\/\/www.blauburgunder.it\/it\/#website\"},\"datePublished\":\"2016-01-08T07:58:07+00:00\",\"dateModified\":\"2025-11-30T01:21:24+00:00\",\"breadcrumb\":{\"@id\":\"https:\/\/www.blauburgunder.it\/it\/privacy\/#breadcrumb\"},\"inLanguage\":\"it-IT\",\"potentialAction\":[{\"@type\":\"ReadAction\",\"target\":[\"https:\/\/www.blauburgunder.it\/it\/privacy\/\"]}]},{\"@type\":\"BreadcrumbList\",\"@id\":\"https:\/\/www.blauburgunder.it\/it\/privacy\/#breadcrumb\",\"itemListElement\":[{\"@type\":\"ListItem\",\"position\":1,\"name\":\"Home\",\"item\":\"https:\/\/www.blauburgunder.it\/it\/\"},{\"@type\":\"ListItem\",\"position\":2,\"name\":\"Privacy\"}]},{\"@type\":\"WebSite\",\"@id\":\"https:\/\/www.blauburgunder.it\/it\/#website\",\"url\":\"https:\/\/www.blauburgunder.it\/it\/\",\"name\":\"Giornate del Pinot Nero - Trentino Alto Adige\",\"description\":\"\",\"potentialAction\":[{\"@type\":\"SearchAction\",\"target\":{\"@type\":\"EntryPoint\",\"urlTemplate\":\"https:\/\/www.blauburgunder.it\/it\/?s={search_term_string}\"},\"query-input\":{\"@type\":\"PropertyValueSpecification\",\"valueRequired\":true,\"valueName\":\"search_term_string\"}}],\"inLanguage\":\"it-IT\"}]}<\/script>\n<!-- \/ Yoast SEO plugin. -->","yoast_head_json":{"title":"Privacy - Giornate del Pinot Nero - Trentino Alto Adige","robots":{"index":"index","follow":"follow","max-snippet":"max-snippet:-1","max-image-preview":"max-image-preview:large","max-video-preview":"max-video-preview:-1"},"canonical":"https:\/\/www.blauburgunder.it\/it\/privacy\/","og_locale":"it_IT","og_type":"article","og_title":"Privacy - Giornate del Pinot Nero - Trentino Alto Adige","og_description":"Questa dichiarazione sulla protezione dei dati \u00e8 rivolta agli utenti del sito blauburgunder.it, ai sensi dell\u2019art. 13 del D.lgs. n. 196\/2003 (\u201cCodice della Privacy\u201d) e della Raccomandazione 2\/2001 del 17 maggio 2001 relativa al Gruppo Art. 29. Titolare del trattamento: Verein Blauburgundertage di G\u00fcnther Haas Via Villa 5, 39044 Egna E-Mail: info@blauburgunder.it Sede del trattamento [&hellip;]","og_url":"https:\/\/www.blauburgunder.it\/it\/privacy\/","og_site_name":"Giornate del Pinot Nero - Trentino Alto Adige","article_modified_time":"2025-11-30T01:21:24+00:00","schema":{"@context":"https:\/\/schema.org","@graph":[{"@type":"WebPage","@id":"https:\/\/www.blauburgunder.it\/it\/privacy\/","url":"https:\/\/www.blauburgunder.it\/it\/privacy\/","name":"Privacy - Giornate del Pinot Nero - Trentino Alto Adige","isPartOf":{"@id":"https:\/\/www.blauburgunder.it\/it\/#website"},"datePublished":"2016-01-08T07:58:07+00:00","dateModified":"2025-11-30T01:21:24+00:00","breadcrumb":{"@id":"https:\/\/www.blauburgunder.it\/it\/privacy\/#breadcrumb"},"inLanguage":"it-IT","potentialAction":[{"@type":"ReadAction","target":["https:\/\/www.blauburgunder.it\/it\/privacy\/"]}]},{"@type":"BreadcrumbList","@id":"https:\/\/www.blauburgunder.it\/it\/privacy\/#breadcrumb","itemListElement":[{"@type":"ListItem","position":1,"name":"Home","item":"https:\/\/www.blauburgunder.it\/it\/"},{"@type":"ListItem","position":2,"name":"Privacy"}]},{"@type":"WebSite","@id":"https:\/\/www.blauburgunder.it\/it\/#website","url":"https:\/\/www.blauburgunder.it\/it\/","name":"Giornate del Pinot Nero - Trentino Alto Adige","description":"","potentialAction":[{"@type":"SearchAction","target":{"@type":"EntryPoint","urlTemplate":"https:\/\/www.blauburgunder.it\/it\/?s={search_term_string}"},"query-input":{"@type":"PropertyValueSpecification","valueRequired":true,"valueName":"search_term_string"}}],"inLanguage":"it-IT"}]}},"_links":{"self":[{"href":"https:\/\/www.blauburgunder.it\/it\/wp-json\/wp\/v2\/pages\/9192","targetHints":{"allow":["GET"]}}],"collection":[{"href":"https:\/\/www.blauburgunder.it\/it\/wp-json\/wp\/v2\/pages"}],"about":[{"href":"https:\/\/www.blauburgunder.it\/it\/wp-json\/wp\/v2\/types\/page"}],"author":[{"embeddable":true,"href":"https:\/\/www.blauburgunder.it\/it\/wp-json\/wp\/v2\/users\/1"}],"replies":[{"embeddable":true,"href":"https:\/\/www.blauburgunder.it\/it\/wp-json\/wp\/v2\/comments?post=9192"}],"version-history":[{"count":3,"href":"https:\/\/www.blauburgunder.it\/it\/wp-json\/wp\/v2\/pages\/9192\/revisions"}],"predecessor-version":[{"id":9267,"href":"https:\/\/www.blauburgunder.it\/it\/wp-json\/wp\/v2\/pages\/9192\/revisions\/9267"}],"wp:attachment":[{"href":"https:\/\/www.blauburgunder.it\/it\/wp-json\/wp\/v2\/media?parent=9192"}],"curies":[{"name":"wp","href":"https:\/\/api.w.org\/{rel}","templated":true}]}}

<p>Questa dichiarazione sulla protezione dei dati è rivolta agli utenti del sito blauburgunder.it, ai sensi dell’art. 13 del D.lgs. n. 196/2003 (“Codice della Privacy”) e della Raccomandazione 2/2001 del 17 maggio 2001 relativa al Gruppo Art. 29.</p>
<p>Titolare del trattamento:<br />
Verein Blauburgundertage di Günther Haas<br />
Via Villa 5, 39044 Egna<br />
E-Mail: info@blauburgunder.it</p>
<p>Sede del trattamento dati:<br />
Stessi contatti del titolare<br />
Assistenza: Monaco</p>
<p>Tipologia dei dati raccolti</p>
<ol>
<li>Dati di navigazione:
<ul>
<li>IP, nome dominio del provider, data/ora di visita, durata della permanenza, informazioni sul sistema operativo.</li>
<li>I dati possono essere utilizzati anonimizzati per statistiche o, se necessario, per perseguire reati.</li>
</ul>
</li>
<li>Cookie:
<ul>
<li>Utilizzati per personalizzare la navigazione e memorizzare le preferenze degli utenti.</li>
</ul>
</li>
<li>Dati forniti volontariamente dall’utente:
<ul>
<li>Utilizzati esclusivamente per fornire i servizi richiesti o adempiere obblighi contrattuali e di legge.</li>
<li>Non saranno divulgati a terzi se non necessario per l’esecuzione dei servizi.</li>
</ul>
</li>
</ol>
<p>Finalità del trattamento</p>
<ul>
<li>Adempimento obblighi di legge, regolamenti o norme civili/fiscali.</li>
<li>Esecuzione di contratti con l’utente.</li>
<li>Raccolta dati volontari per i servizi del sito.</li>
</ul>
<p>Destinatari dei dati:</p>
<ul>
<li>Associazione Blauburgundertage e fornitori di servizi esterni per gestione sito.</li>
<li>Enti pubblici se richiesto dalla legge.</li>
<li>Professionisti o società (consulenti, tribunali, università, partner) se necessario per le finalità sopra indicate.</li>
</ul>
<p>Modalità di trattamento</p>
<ul>
<li>Con o senza strumenti elettronici, sempre rispettando le misure di sicurezza a tutela della riservatezza.</li>
</ul>
<p>Diritti dell’interessato (art. 7 D.lgs. 196/2003)</p>
<p>L’interessato ha diritto di:</p>
<ol>
<li>Ottenere conferma dell’esistenza dei dati personali e la loro comunicazione in forma intelligibile.</li>
<li>Conoscere origine, finalità, modalità di trattamento e logica in caso di strumenti elettronici.</li>
<li>Conoscere i soggetti cui i dati possono essere comunicati.</li>
<li>Aggiornare, rettificare, integrare i dati.</li>
<li>Richiedere cancellazione, anonimizzazione o blocco dei dati trattati in violazione di legge.</li>
<li>Opporsi, per motivi legittimi, al trattamento dei dati personali o all’invio di materiale pubblicitario, ricerche di mercato o comunicazioni commerciali.</li>
</ol>
<p>Esercizio dei diritti:<br />
Le richieste possono essere inviate senza formalità al titolare o al responsabile, anche tramite incaricato.</p>

<p>Questa dichiarazione sulla protezione dei dati è rivolta agli utenti del sito blauburgunder.it, ai sensi dell’art. 13 del D.lgs. n. 196/2003 (“Codice della Privacy”) e della Raccomandazione 2/2001 del 17 maggio 2001 relativa al Gruppo Art. 29. Titolare del trattamento: Verein Blauburgundertage di Günther Haas Via Villa 5, 39044 Egna E-Mail: info@blauburgunder.it Sede del trattamento [&hellip;]</p>

<!-- This site is optimized with the Yoast SEO plugin v27.0 - https://yoast.com/product/yoast-seo-wordpress/ -->
<title>Privacy - Giornate del Pinot Nero - Trentino Alto Adige</title>
<meta name="robots" content="index, follow, max-snippet:-1, max-image-preview:large, max-video-preview:-1" />
<link rel="canonical" href="https://www.blauburgunder.it/it/privacy/" />
<meta property="og:locale" content="it_IT" />
<meta property="og:type" content="article" />
<meta property="og:title" content="Privacy - Giornate del Pinot Nero - Trentino Alto Adige" />
<meta property="og:description" content="Questa dichiarazione sulla protezione dei dati è rivolta agli utenti del sito blauburgunder.it, ai sensi dell’art. 13 del D.lgs. n. 196/2003 (“Codice della Privacy”) e della Raccomandazione 2/2001 del 17 maggio 2001 relativa al Gruppo Art. 29. Titolare del trattamento: Verein Blauburgundertage di Günther Haas Via Villa 5, 39044 Egna E-Mail: info@blauburgunder.it Sede del trattamento [&hellip;]" />
<meta property="og:url" content="https://www.blauburgunder.it/it/privacy/" />
<meta property="og:site_name" content="Giornate del Pinot Nero - Trentino Alto Adige" />
<meta property="article:modified_time" content="2025-11-30T01:21:24+00:00" />
<script type="application/ld+json" class="yoast-schema-graph">{"@context":"https://schema.org","@graph":[{"@type":"WebPage","@id":"https://www.blauburgunder.it/it/privacy/","url":"https://www.blauburgunder.it/it/privacy/","name":"Privacy - Giornate del Pinot Nero - Trentino Alto Adige","isPartOf":{"@id":"https://www.blauburgunder.it/it/#website"},"datePublished":"2016-01-08T07:58:07+00:00","dateModified":"2025-11-30T01:21:24+00:00","breadcrumb":{"@id":"https://www.blauburgunder.it/it/privacy/#breadcrumb"},"inLanguage":"it-IT","potentialAction":[{"@type":"ReadAction","target":["https://www.blauburgunder.it/it/privacy/"]}]},{"@type":"BreadcrumbList","@id":"https://www.blauburgunder.it/it/privacy/#breadcrumb","itemListElement":[{"@type":"ListItem","position":1,"name":"Home","item":"https://www.blauburgunder.it/it/"},{"@type":"ListItem","position":2,"name":"Privacy"}]},{"@type":"WebSite","@id":"https://www.blauburgunder.it/it/#website","url":"https://www.blauburgunder.it/it/","name":"Giornate del Pinot Nero - Trentino Alto Adige","description":"","potentialAction":[{"@type":"SearchAction","target":{"@type":"EntryPoint","urlTemplate":"https://www.blauburgunder.it/it/?s={search_term_string}"},"query-input":{"@type":"PropertyValueSpecification","valueRequired":true,"valueName":"search_term_string"}}],"inLanguage":"it-IT"}]}</script>
<!-- / Yoast SEO plugin. -->

Questa dichiarazione sulla protezione dei dati è rivolta agli utenti del sito blauburgunder.it, ai sensi dell’art. 13 del D.lgs. n. 196/2003 (“Codice della Privacy”) e della Raccomandazione 2/2001 del 17 maggio 2001 relativa al Gruppo Art. 29. Titolare del trattamento: Verein Blauburgundertage di Günther Haas Via Villa 5, 39044 Egna E-Mail: info@blauburgunder.it Sede del trattamento [&hellip;]
