{"id":9193,"date":"2025-11-25T08:51:16","date_gmt":"2025-11-25T07:51:16","guid":{"rendered":"https:\/\/www.blauburgunder.it\/impressum\/"},"modified":"2025-11-30T02:12:56","modified_gmt":"2025-11-30T01:12:56","slug":"note-legali","status":"publish","type":"page","link":"https:\/\/www.blauburgunder.it\/it\/note-legali\/","title":{"rendered":"Note legali"},"content":{"rendered":"<p>Immagini:<br \/>\nTutte le immagini presenti sul sito blauburgunder.it sono protette dal diritto d&#8217;autore e non possono essere trasmesse o utilizzate in altro modo.<br \/>\nFotografi: Florian Andergassen, S\u00fcdtirols S\u00fcden\/Alex Filz, Associazione Turistica Castelfeder<\/p>\n<p>Note:<br \/>\nTutte le informazioni fornite da blauburgunder.it sono protette dal diritto d&#8217;autore in tutte le loro parti, salvo diversa indicazione. Un ulteriore utilizzo e sfruttamento non \u00e8 consentito e pu\u00f2 avvenire solo previo consenso scritto di G\u00fcnther Haas.<br \/>\nLa nostra offerta contiene talvolta anche link a siti Internet esterni di terzi, sui cui contenuti Blauburgunder.it non ha alcuna influenza. Blauburgunder.it non si assume alcuna responsabilit\u00e0 per i contenuti delle pagine collegate. La responsabilit\u00e0 delle pagine collegate spetta al rispettivo fornitore o gestore. Al momento della creazione dei link, nelle pagine collegate non erano evidenti violazioni della legge. In caso di violazione della legge, Blauburgunder.it provveder\u00e0 a rimuovere immediatamente i link in questione.<\/p>\n","protected":false},"excerpt":{"rendered":"<p>Immagini: Tutte le immagini presenti sul sito blauburgunder.it sono protette dal diritto d&#8217;autore e non possono essere trasmesse o utilizzate in altro modo. Fotografi: Florian Andergassen, S\u00fcdtirols S\u00fcden\/Alex Filz, Associazione Turistica Castelfeder Note: Tutte le informazioni fornite da blauburgunder.it sono protette dal diritto d&#8217;autore in tutte le loro parti, salvo diversa indicazione. Un ulteriore utilizzo [&hellip;]<\/p>\n","protected":false},"author":1,"featured_media":0,"parent":0,"menu_order":101,"comment_status":"closed","ping_status":"closed","template":"template-dsgvo-impressum.php","meta":{"_acf_changed":false,"footnotes":""},"class_list":["post-9193","page","type-page","status-publish","hentry"],"acf":[],"yoast_head":"<!-- This site is optimized with the Yoast SEO plugin v27.0 - https:\/\/yoast.com\/product\/yoast-seo-wordpress\/ -->\n<title>Note legali - Giornate del Pinot Nero - Trentino Alto Adige<\/title>\n<meta name=\"robots\" content=\"index, follow, max-snippet:-1, max-image-preview:large, max-video-preview:-1\" \/>\n<link rel=\"canonical\" href=\"https:\/\/www.blauburgunder.it\/it\/note-legali\/\" \/>\n<meta property=\"og:locale\" content=\"it_IT\" \/>\n<meta property=\"og:type\" content=\"article\" \/>\n<meta property=\"og:title\" content=\"Note legali - Giornate del Pinot Nero - Trentino Alto Adige\" \/>\n<meta property=\"og:description\" content=\"Immagini: Tutte le immagini presenti sul sito blauburgunder.it sono protette dal diritto d&#8217;autore e non possono essere trasmesse o utilizzate in altro modo. Fotografi: Florian Andergassen, S\u00fcdtirols S\u00fcden\/Alex Filz, Associazione Turistica Castelfeder Note: Tutte le informazioni fornite da blauburgunder.it sono protette dal diritto d&#8217;autore in tutte le loro parti, salvo diversa indicazione. Un ulteriore utilizzo [&hellip;]\" \/>\n<meta property=\"og:url\" content=\"https:\/\/www.blauburgunder.it\/it\/note-legali\/\" \/>\n<meta property=\"og:site_name\" content=\"Giornate del Pinot Nero - Trentino Alto Adige\" \/>\n<meta property=\"article:modified_time\" content=\"2025-11-30T01:12:56+00:00\" \/>\n<script type=\"application\/ld+json\" class=\"yoast-schema-graph\">{\"@context\":\"https:\/\/schema.org\",\"@graph\":[{\"@type\":\"WebPage\",\"@id\":\"https:\/\/www.blauburgunder.it\/it\/note-legali\/\",\"url\":\"https:\/\/www.blauburgunder.it\/it\/note-legali\/\",\"name\":\"Note legali - Giornate del Pinot Nero - Trentino Alto Adige\",\"isPartOf\":{\"@id\":\"https:\/\/www.blauburgunder.it\/it\/#website\"},\"datePublished\":\"2025-11-25T07:51:16+00:00\",\"dateModified\":\"2025-11-30T01:12:56+00:00\",\"breadcrumb\":{\"@id\":\"https:\/\/www.blauburgunder.it\/it\/note-legali\/#breadcrumb\"},\"inLanguage\":\"it-IT\",\"potentialAction\":[{\"@type\":\"ReadAction\",\"target\":[\"https:\/\/www.blauburgunder.it\/it\/note-legali\/\"]}]},{\"@type\":\"BreadcrumbList\",\"@id\":\"https:\/\/www.blauburgunder.it\/it\/note-legali\/#breadcrumb\",\"itemListElement\":[{\"@type\":\"ListItem\",\"position\":1,\"name\":\"Home\",\"item\":\"https:\/\/www.blauburgunder.it\/it\/\"},{\"@type\":\"ListItem\",\"position\":2,\"name\":\"Note legali\"}]},{\"@type\":\"WebSite\",\"@id\":\"https:\/\/www.blauburgunder.it\/it\/#website\",\"url\":\"https:\/\/www.blauburgunder.it\/it\/\",\"name\":\"Giornate del Pinot Nero - Trentino Alto Adige\",\"description\":\"\",\"potentialAction\":[{\"@type\":\"SearchAction\",\"target\":{\"@type\":\"EntryPoint\",\"urlTemplate\":\"https:\/\/www.blauburgunder.it\/it\/?s={search_term_string}\"},\"query-input\":{\"@type\":\"PropertyValueSpecification\",\"valueRequired\":true,\"valueName\":\"search_term_string\"}}],\"inLanguage\":\"it-IT\"}]}<\/script>\n<!-- \/ Yoast SEO plugin. -->","yoast_head_json":{"title":"Note legali - Giornate del Pinot Nero - Trentino Alto Adige","robots":{"index":"index","follow":"follow","max-snippet":"max-snippet:-1","max-image-preview":"max-image-preview:large","max-video-preview":"max-video-preview:-1"},"canonical":"https:\/\/www.blauburgunder.it\/it\/note-legali\/","og_locale":"it_IT","og_type":"article","og_title":"Note legali - Giornate del Pinot Nero - Trentino Alto Adige","og_description":"Immagini: Tutte le immagini presenti sul sito blauburgunder.it sono protette dal diritto d&#8217;autore e non possono essere trasmesse o utilizzate in altro modo. Fotografi: Florian Andergassen, S\u00fcdtirols S\u00fcden\/Alex Filz, Associazione Turistica Castelfeder Note: Tutte le informazioni fornite da blauburgunder.it sono protette dal diritto d&#8217;autore in tutte le loro parti, salvo diversa indicazione. Un ulteriore utilizzo [&hellip;]","og_url":"https:\/\/www.blauburgunder.it\/it\/note-legali\/","og_site_name":"Giornate del Pinot Nero - Trentino Alto Adige","article_modified_time":"2025-11-30T01:12:56+00:00","schema":{"@context":"https:\/\/schema.org","@graph":[{"@type":"WebPage","@id":"https:\/\/www.blauburgunder.it\/it\/note-legali\/","url":"https:\/\/www.blauburgunder.it\/it\/note-legali\/","name":"Note legali - Giornate del Pinot Nero - Trentino Alto Adige","isPartOf":{"@id":"https:\/\/www.blauburgunder.it\/it\/#website"},"datePublished":"2025-11-25T07:51:16+00:00","dateModified":"2025-11-30T01:12:56+00:00","breadcrumb":{"@id":"https:\/\/www.blauburgunder.it\/it\/note-legali\/#breadcrumb"},"inLanguage":"it-IT","potentialAction":[{"@type":"ReadAction","target":["https:\/\/www.blauburgunder.it\/it\/note-legali\/"]}]},{"@type":"BreadcrumbList","@id":"https:\/\/www.blauburgunder.it\/it\/note-legali\/#breadcrumb","itemListElement":[{"@type":"ListItem","position":1,"name":"Home","item":"https:\/\/www.blauburgunder.it\/it\/"},{"@type":"ListItem","position":2,"name":"Note legali"}]},{"@type":"WebSite","@id":"https:\/\/www.blauburgunder.it\/it\/#website","url":"https:\/\/www.blauburgunder.it\/it\/","name":"Giornate del Pinot Nero - Trentino Alto Adige","description":"","potentialAction":[{"@type":"SearchAction","target":{"@type":"EntryPoint","urlTemplate":"https:\/\/www.blauburgunder.it\/it\/?s={search_term_string}"},"query-input":{"@type":"PropertyValueSpecification","valueRequired":true,"valueName":"search_term_string"}}],"inLanguage":"it-IT"}]}},"_links":{"self":[{"href":"https:\/\/www.blauburgunder.it\/it\/wp-json\/wp\/v2\/pages\/9193","targetHints":{"allow":["GET"]}}],"collection":[{"href":"https:\/\/www.blauburgunder.it\/it\/wp-json\/wp\/v2\/pages"}],"about":[{"href":"https:\/\/www.blauburgunder.it\/it\/wp-json\/wp\/v2\/types\/page"}],"author":[{"embeddable":true,"href":"https:\/\/www.blauburgunder.it\/it\/wp-json\/wp\/v2\/users\/1"}],"replies":[{"embeddable":true,"href":"https:\/\/www.blauburgunder.it\/it\/wp-json\/wp\/v2\/comments?post=9193"}],"version-history":[{"count":4,"href":"https:\/\/www.blauburgunder.it\/it\/wp-json\/wp\/v2\/pages\/9193\/revisions"}],"predecessor-version":[{"id":9265,"href":"https:\/\/www.blauburgunder.it\/it\/wp-json\/wp\/v2\/pages\/9193\/revisions\/9265"}],"wp:attachment":[{"href":"https:\/\/www.blauburgunder.it\/it\/wp-json\/wp\/v2\/media?parent=9193"}],"curies":[{"name":"wp","href":"https:\/\/api.w.org\/{rel}","templated":true}]}}

<p>Immagini:<br />
Tutte le immagini presenti sul sito blauburgunder.it sono protette dal diritto d&#8217;autore e non possono essere trasmesse o utilizzate in altro modo.<br />
Fotografi: Florian Andergassen, Südtirols Süden/Alex Filz, Associazione Turistica Castelfeder</p>
<p>Note:<br />
Tutte le informazioni fornite da blauburgunder.it sono protette dal diritto d&#8217;autore in tutte le loro parti, salvo diversa indicazione. Un ulteriore utilizzo e sfruttamento non è consentito e può avvenire solo previo consenso scritto di Günther Haas.<br />
La nostra offerta contiene talvolta anche link a siti Internet esterni di terzi, sui cui contenuti Blauburgunder.it non ha alcuna influenza. Blauburgunder.it non si assume alcuna responsabilità per i contenuti delle pagine collegate. La responsabilità delle pagine collegate spetta al rispettivo fornitore o gestore. Al momento della creazione dei link, nelle pagine collegate non erano evidenti violazioni della legge. In caso di violazione della legge, Blauburgunder.it provvederà a rimuovere immediatamente i link in questione.</p>

<p>Immagini: Tutte le immagini presenti sul sito blauburgunder.it sono protette dal diritto d&#8217;autore e non possono essere trasmesse o utilizzate in altro modo. Fotografi: Florian Andergassen, Südtirols Süden/Alex Filz, Associazione Turistica Castelfeder Note: Tutte le informazioni fornite da blauburgunder.it sono protette dal diritto d&#8217;autore in tutte le loro parti, salvo diversa indicazione. Un ulteriore utilizzo [&hellip;]</p>

<!-- This site is optimized with the Yoast SEO plugin v27.0 - https://yoast.com/product/yoast-seo-wordpress/ -->
<title>Note legali - Giornate del Pinot Nero - Trentino Alto Adige</title>
<meta name="robots" content="index, follow, max-snippet:-1, max-image-preview:large, max-video-preview:-1" />
<link rel="canonical" href="https://www.blauburgunder.it/it/note-legali/" />
<meta property="og:locale" content="it_IT" />
<meta property="og:type" content="article" />
<meta property="og:title" content="Note legali - Giornate del Pinot Nero - Trentino Alto Adige" />
<meta property="og:description" content="Immagini: Tutte le immagini presenti sul sito blauburgunder.it sono protette dal diritto d&#8217;autore e non possono essere trasmesse o utilizzate in altro modo. Fotografi: Florian Andergassen, Südtirols Süden/Alex Filz, Associazione Turistica Castelfeder Note: Tutte le informazioni fornite da blauburgunder.it sono protette dal diritto d&#8217;autore in tutte le loro parti, salvo diversa indicazione. Un ulteriore utilizzo [&hellip;]" />
<meta property="og:url" content="https://www.blauburgunder.it/it/note-legali/" />
<meta property="og:site_name" content="Giornate del Pinot Nero - Trentino Alto Adige" />
<meta property="article:modified_time" content="2025-11-30T01:12:56+00:00" />
<script type="application/ld+json" class="yoast-schema-graph">{"@context":"https://schema.org","@graph":[{"@type":"WebPage","@id":"https://www.blauburgunder.it/it/note-legali/","url":"https://www.blauburgunder.it/it/note-legali/","name":"Note legali - Giornate del Pinot Nero - Trentino Alto Adige","isPartOf":{"@id":"https://www.blauburgunder.it/it/#website"},"datePublished":"2025-11-25T07:51:16+00:00","dateModified":"2025-11-30T01:12:56+00:00","breadcrumb":{"@id":"https://www.blauburgunder.it/it/note-legali/#breadcrumb"},"inLanguage":"it-IT","potentialAction":[{"@type":"ReadAction","target":["https://www.blauburgunder.it/it/note-legali/"]}]},{"@type":"BreadcrumbList","@id":"https://www.blauburgunder.it/it/note-legali/#breadcrumb","itemListElement":[{"@type":"ListItem","position":1,"name":"Home","item":"https://www.blauburgunder.it/it/"},{"@type":"ListItem","position":2,"name":"Note legali"}]},{"@type":"WebSite","@id":"https://www.blauburgunder.it/it/#website","url":"https://www.blauburgunder.it/it/","name":"Giornate del Pinot Nero - Trentino Alto Adige","description":"","potentialAction":[{"@type":"SearchAction","target":{"@type":"EntryPoint","urlTemplate":"https://www.blauburgunder.it/it/?s={search_term_string}"},"query-input":{"@type":"PropertyValueSpecification","valueRequired":true,"valueName":"search_term_string"}}],"inLanguage":"it-IT"}]}</script>
<!-- / Yoast SEO plugin. -->

Immagini: Tutte le immagini presenti sul sito blauburgunder.it sono protette dal diritto d&#8217;autore e non possono essere trasmesse o utilizzate in altro modo. Fotografi: Florian Andergassen, Südtirols Süden/Alex Filz, Associazione Turistica Castelfeder Note: Tutte le informazioni fornite da blauburgunder.it sono protette dal diritto d&#8217;autore in tutte le loro parti, salvo diversa indicazione. Un ulteriore utilizzo [&hellip;]
